{"id":12,"date":"2025-09-30T16:32:32","date_gmt":"2025-09-30T15:32:32","guid":{"rendered":"https:\/\/les3d.asso.st\/site\/?page_id=12"},"modified":"2025-09-30T16:36:09","modified_gmt":"2025-09-30T15:36:09","slug":"les-costumes-traditionnels","status":"publish","type":"page","link":"https:\/\/les3d.asso.st\/site\/les-costumes-traditionnels\/","title":{"rendered":"Les costumes traditionnels"},"content":{"rendered":"\n<h2 class=\"wp-block-heading has-x-large-font-size\">Les costumes<\/h2>\n\n\n\n<p>Les costumes sont inspir\u00e9s des tenues de sorties que portaient nos grands-parents dans les ann\u00e9es 1900-1910 en pays Gallo.<\/p>\n\n\n\n<blockquote class=\"wp-block-quote is-layout-flow wp-block-quote-is-layout-flow\">\n<p><strong>\u00ab Cent pays, cent modes ; cent paroisses, cent \u00e9glises. \u00bb<\/strong><\/p>\n<\/blockquote>\n\n\n\n<p><\/p>\n\n\n\n<div class=\"wp-block-group alignfull has-global-padding is-layout-constrained wp-block-group-is-layout-constrained\" style=\"margin-top:0;margin-bottom:0\">\n<div class=\"wp-block-columns alignfull is-layout-flex wp-container-core-columns-is-layout-9c22b1e3 wp-block-columns-is-layout-flex\">\n<div class=\"wp-block-column is-layout-flow wp-block-column-is-layout-flow\" style=\"flex-basis:55%\">\n<div style=\"aspect-ratio:1;min-height:unset;\" class=\"wp-block-cover is-light has-aspect-ratio\"><img loading=\"lazy\" decoding=\"async\" width=\"290\" height=\"305\" class=\"wp-block-cover__image-background wp-image-13 size-full\" alt=\"\" src=\"https:\/\/les3d.asso.st\/site\/wp-content\/uploads\/2025\/09\/Photo-Eugene.jpg\" style=\"object-position:30% 30%\" data-object-fit=\"cover\" data-object-position=\"30% 30%\" srcset=\"https:\/\/les3d.asso.st\/site\/wp-content\/uploads\/2025\/09\/Photo-Eugene.jpg 290w, https:\/\/les3d.asso.st\/site\/wp-content\/uploads\/2025\/09\/Photo-Eugene-285x300.jpg 285w\" sizes=\"auto, (max-width: 290px) 100vw, 290px\" \/><span aria-hidden=\"true\" class=\"wp-block-cover__background has-background-dim-0 has-background-dim\" style=\"background-color:#828485\"><\/span><div class=\"wp-block-cover__inner-container is-layout-flow wp-block-cover-is-layout-flow\">\n<div style=\"height:var(--wp--preset--spacing--20)\" aria-hidden=\"true\" class=\"wp-block-spacer\"><\/div>\n<\/div><\/div>\n<\/div>\n\n\n\n<div class=\"wp-block-column is-vertically-aligned-center is-layout-flow wp-block-column-is-layout-flow\" style=\"padding-top:var(--wp--preset--spacing--60);padding-right:var(--wp--preset--spacing--60);padding-bottom:var(--wp--preset--spacing--60);padding-left:var(--wp--preset--spacing--60)\">\n<p class=\"has-x-large-font-size\"><strong>Pour les messieurs :<\/strong><\/p>\n\n\n\n<p class=\"has-large-font-size\">Pantalon et gilet noir, chemise blanche, noeud papillon,chapeau de feutre,chaine de montre attach\u00e9e \u00e0 la boutonni\u00e8re et montre dans la poche<\/p>\n<\/div>\n<\/div>\n<\/div>\n\n\n\n<div class=\"wp-block-group alignfull has-global-padding is-layout-constrained wp-block-group-is-layout-constrained\" style=\"margin-top:0;margin-bottom:0;padding-top:var(--wp--preset--spacing--50);padding-bottom:var(--wp--preset--spacing--50)\">\n<div class=\"wp-block-columns alignwide is-layout-flex wp-container-core-columns-is-layout-fa584acd wp-block-columns-is-layout-flex\">\n<div class=\"wp-block-column is-vertically-aligned-center is-layout-flow wp-block-column-is-layout-flow\">\n<h2 class=\"wp-block-heading has-xx-large-font-size\">Pour les dames :<\/h2>\n\n\n\n<p class=\"has-medium-font-size\">Jupe noire, caraco gris ou de couleur sombre, p\u00e9lerine sur les \u00e9paules. Les cheveux sont emprisonn\u00e9s dans une r\u00e9sille.<\/p>\n<\/div>\n\n\n\n<div class=\"wp-block-column is-vertically-aligned-center is-layout-flow wp-block-column-is-layout-flow\">\n<figure class=\"wp-block-image size-full is-resized\"><img loading=\"lazy\" decoding=\"async\" width=\"223\" height=\"299\" src=\"https:\/\/les3d.asso.st\/site\/wp-content\/uploads\/2025\/09\/DSCF2926.jpg\" alt=\"\" class=\"wp-image-14\" style=\"width:625px;height:auto\"\/><\/figure>\n<\/div>\n<\/div>\n<\/div>\n\n\n\n<div class=\"wp-block-columns alignfull is-layout-flex wp-container-core-columns-is-layout-9c22b1e3 wp-block-columns-is-layout-flex\">\n<div class=\"wp-block-column is-layout-flow wp-block-column-is-layout-flow\" style=\"flex-basis:55%\">\n<div style=\"aspect-ratio:1;min-height:unset;\" class=\"wp-block-cover is-light has-aspect-ratio\"><img loading=\"lazy\" decoding=\"async\" width=\"173\" height=\"130\" class=\"wp-block-cover__image-background wp-image-15 size-full\" alt=\"\" src=\"https:\/\/les3d.asso.st\/site\/wp-content\/uploads\/2025\/09\/catiole-M-a-30.jpg\" data-object-fit=\"cover\"\/><span aria-hidden=\"true\" class=\"wp-block-cover__background has-background-dim-0 has-background-dim\" style=\"background-color:#919aa6\"><\/span><div class=\"wp-block-cover__inner-container is-layout-flow wp-block-cover-is-layout-flow\">\n<div style=\"height:var(--wp--preset--spacing--20)\" aria-hidden=\"true\" class=\"wp-block-spacer\"><\/div>\n<\/div><\/div>\n<\/div>\n\n\n\n<div class=\"wp-block-column is-vertically-aligned-center is-layout-flow wp-block-column-is-layout-flow\" style=\"padding-top:var(--wp--preset--spacing--60);padding-right:var(--wp--preset--spacing--60);padding-bottom:var(--wp--preset--spacing--60);padding-left:var(--wp--preset--spacing--60)\">\n<p class=\"has-x-large-font-size\"><\/p>\n\n\n\n<p class=\"has-large-font-size\">La coiffe s&rsquo;appelle une catiole<\/p>\n<\/div>\n<\/div>\n\n\n\n<p><\/p>\n","protected":false},"excerpt":{"rendered":"<p>Les costumes Les costumes sont inspir\u00e9s des tenues de sorties que portaient nos grands-parents dans les ann\u00e9es 1900-1910 en pays Gallo. \u00ab Cent pays, cent modes ; cent paroisses, cent \u00e9glises. \u00bb Pour les messieurs : Pantalon et gilet noir, chemise blanche, noeud papillon,chapeau de feutre,chaine de montre attach\u00e9e \u00e0 la boutonni\u00e8re et montre dans [&hellip;]<\/p>\n","protected":false},"author":1,"featured_media":0,"parent":0,"menu_order":0,"comment_status":"closed","ping_status":"closed","template":"","meta":{"footnotes":""},"class_list":["post-12","page","type-page","status-publish","hentry"],"_links":{"self":[{"href":"https:\/\/les3d.asso.st\/site\/wp-json\/wp\/v2\/pages\/12","targetHints":{"allow":["GET"]}}],"collection":[{"href":"https:\/\/les3d.asso.st\/site\/wp-json\/wp\/v2\/pages"}],"about":[{"href":"https:\/\/les3d.asso.st\/site\/wp-json\/wp\/v2\/types\/page"}],"author":[{"embeddable":true,"href":"https:\/\/les3d.asso.st\/site\/wp-json\/wp\/v2\/users\/1"}],"replies":[{"embeddable":true,"href":"https:\/\/les3d.asso.st\/site\/wp-json\/wp\/v2\/comments?post=12"}],"version-history":[{"count":3,"href":"https:\/\/les3d.asso.st\/site\/wp-json\/wp\/v2\/pages\/12\/revisions"}],"predecessor-version":[{"id":19,"href":"https:\/\/les3d.asso.st\/site\/wp-json\/wp\/v2\/pages\/12\/revisions\/19"}],"wp:attachment":[{"href":"https:\/\/les3d.asso.st\/site\/wp-json\/wp\/v2\/media?parent=12"}],"curies":[{"name":"wp","href":"https:\/\/api.w.org\/{rel}","templated":true}]}}